[INFO] cloning repository https://github.com/DrReMain/rust-workspace
[INFO] running `Command { std: "git" "-c" "credential.helper=" "-c" "credential.helper=/workspace/cargo-home/bin/git-credential-null" "clone" "--bare" "https://github.com/DrReMain/rust-workspace" "/workspace/cache/git-repos/https%3A%2F%2Fgithub.com%2FDrReMain%2Frust-workspace", kill_on_drop: false }`
[INFO] [stderr] Cloning into bare repository '/workspace/cache/git-repos/https%3A%2F%2Fgithub.com%2FDrReMain%2Frust-workspace'...
[INFO] running `Command { std: "git" "rev-parse" "HEAD", kill_on_drop: false }`
[INFO] [stdout] b8ece4b02ebbe649f7fe3bb70c1a1166f7a2c6c2
[INFO] checking DrReMain/rust-workspace against master#9610dfe5a9a731ced1ea4923ecbd0c57fe367898 for beta-170-4
[INFO] running `Command { std: "git" "clone" "/workspace/cache/git-repos/https%3A%2F%2Fgithub.com%2FDrReMain%2Frust-workspace" "/workspace/builds/worker-7-tc1/source", kill_on_drop: false }`
[INFO] [stderr] Cloning into '/workspace/builds/worker-7-tc1/source'...
[INFO] [stderr] done.
[INFO] validating manifest of git repo https://github.com/DrReMain/rust-workspace on toolchain 9610dfe5a9a731ced1ea4923ecbd0c57fe367898
[INFO] running `Command { std: CARGO_HOME="/workspace/cargo-home" RUSTUP_HOME="/workspace/rustup-home" "/workspace/cargo-home/bin/cargo" "+9610dfe5a9a731ced1ea4923ecbd0c57fe367898" "metadata" "--manifest-path" "Cargo.toml" "--no-deps", kill_on_drop: false }`
[INFO] started tweaking git repo https://github.com/DrReMain/rust-workspace
[INFO] finished tweaking git repo https://github.com/DrReMain/rust-workspace
[INFO] tweaked toml for git repo https://github.com/DrReMain/rust-workspace written to /workspace/builds/worker-7-tc1/source/Cargo.toml
[INFO] crate git repo https://github.com/DrReMain/rust-workspace already has a lockfile, it will not be regenerated
[INFO] running `Command { std: CARGO_HOME="/workspace/cargo-home" RUSTUP_HOME="/workspace/rustup-home" "/workspace/cargo-home/bin/cargo" "+9610dfe5a9a731ced1ea4923ecbd0c57fe367898" "fetch" "--manifest-path" "Cargo.toml", kill_on_drop: false }`
[INFO] [stderr] warning: profiles for the non root package will be ignored, specify profiles at the workspace root:
[INFO] [stderr] package:   /workspace/builds/worker-7-tc1/source/wasm-game-of-life/Cargo.toml
[INFO] [stderr] workspace: /workspace/builds/worker-7-tc1/source/Cargo.toml
[INFO] [stderr] warning: profiles for the non root package will be ignored, specify profiles at the workspace root:
[INFO] [stderr] package:   /workspace/builds/worker-7-tc1/source/wasm-client/Cargo.toml
[INFO] [stderr] workspace: /workspace/builds/worker-7-tc1/source/Cargo.toml
[INFO] [stderr]  Downloading crates ...
[INFO] [stderr]   Downloaded actix-tls v3.0.3
[INFO] [stderr]   Downloaded actix-files v0.6.2
[INFO] [stderr]   Downloaded cxxbridge-flags v1.0.79
[INFO] [stderr]   Downloaded wasm-bindgen-test-macro v0.3.33
[INFO] [stderr]   Downloaded assert_cmd v2.0.5
[INFO] [stderr]   Downloaded actix-cors v0.6.3
[INFO] [stderr]   Downloaded wasm-bindgen-test v0.3.33
[INFO] [stderr]   Downloaded cxxbridge-macro v1.0.79
[INFO] [stderr]   Downloaded awc v3.0.1
[INFO] [stderr]   Downloaded cxx v1.0.79
[INFO] [stderr]   Downloaded cxx-build v1.0.79
[INFO] running `Command { std: "docker" "create" "-v" "/var/lib/crater-agent-workspace/builds/worker-7-tc1/target:/opt/rustwide/target:rw,Z" "-v" "/var/lib/crater-agent-workspace/builds/worker-7-tc1/source:/opt/rustwide/workdir:ro,Z" "-v" "/var/lib/crater-agent-workspace/cargo-home:/opt/rustwide/cargo-home:ro,Z" "-v" "/var/lib/crater-agent-workspace/rustup-home:/opt/rustwide/rustup-home:ro,Z" "-e" "SOURCE_DIR=/opt/rustwide/workdir" "-e" "CARGO_TARGET_DIR=/opt/rustwide/target" "-e" "CARGO_HOME=/opt/rustwide/cargo-home" "-e" "RUSTUP_HOME=/opt/rustwide/rustup-home" "-w" "/opt/rustwide/workdir" "-m" "1610612736" "--user" "0:0" "--network" "none" "ghcr.io/rust-lang/crates-build-env/linux@sha256:19e73879b68f455e41552ea35293514db52ea292d993f571636dbffedb77a1ee" "/opt/rustwide/cargo-home/bin/cargo" "+9610dfe5a9a731ced1ea4923ecbd0c57fe367898" "metadata" "--no-deps" "--format-version=1", kill_on_drop: false }`
[INFO] [stdout] ca782aea5b8814e0e20589a69c6aaf246922d2ea1c1a254d531af95722ef33bc
[INFO] running `Command { std: "docker" "start" "-a" "ca782aea5b8814e0e20589a69c6aaf246922d2ea1c1a254d531af95722ef33bc", kill_on_drop: false }`
[INFO] running `Command { std: "docker" "inspect" "ca782aea5b8814e0e20589a69c6aaf246922d2ea1c1a254d531af95722ef33bc", kill_on_drop: false }`
[INFO] running `Command { std: "docker" "rm" "-f" "ca782aea5b8814e0e20589a69c6aaf246922d2ea1c1a254d531af95722ef33bc", kill_on_drop: false }`
[INFO] [stdout] ca782aea5b8814e0e20589a69c6aaf246922d2ea1c1a254d531af95722ef33bc
[INFO] running `Command { std: "docker" "create" "-v" "/var/lib/crater-agent-workspace/builds/worker-7-tc1/target:/opt/rustwide/target:rw,Z" "-v" "/var/lib/crater-agent-workspace/builds/worker-7-tc1/source:/opt/rustwide/workdir:ro,Z" "-v" "/var/lib/crater-agent-workspace/cargo-home:/opt/rustwide/cargo-home:ro,Z" "-v" "/var/lib/crater-agent-workspace/rustup-home:/opt/rustwide/rustup-home:ro,Z" "-e" "SOURCE_DIR=/opt/rustwide/workdir" "-e" "CARGO_TARGET_DIR=/opt/rustwide/target" "-e" "CARGO_INCREMENTAL=0" "-e" "RUST_BACKTRACE=full" "-e" "RUSTFLAGS=--cap-lints=forbid" "-e" "RUSTDOCFLAGS=--cap-lints=forbid" "-e" "CARGO_HOME=/opt/rustwide/cargo-home" "-e" "RUSTUP_HOME=/opt/rustwide/rustup-home" "-w" "/opt/rustwide/workdir" "-m" "1610612736" "--user" "0:0" "--network" "none" "ghcr.io/rust-lang/crates-build-env/linux@sha256:19e73879b68f455e41552ea35293514db52ea292d993f571636dbffedb77a1ee" "/opt/rustwide/cargo-home/bin/cargo" "+9610dfe5a9a731ced1ea4923ecbd0c57fe367898" "check" "--frozen" "--all" "--all-targets" "--message-format=json", kill_on_drop: false }`
[INFO] [stdout] 27334f608081c640c94892a94d7a66a2c0aa6cb6c148fb9468aff3ae00e72e59
[INFO] running `Command { std: "docker" "start" "-a" "27334f608081c640c94892a94d7a66a2c0aa6cb6c148fb9468aff3ae00e72e59", kill_on_drop: false }`
[INFO] [stderr] warning: profiles for the non root package will be ignored, specify profiles at the workspace root:
[INFO] [stderr] package:   /opt/rustwide/workdir/wasm-game-of-life/Cargo.toml
[INFO] [stderr] workspace: /opt/rustwide/workdir/Cargo.toml
[INFO] [stderr] warning: profiles for the non root package will be ignored, specify profiles at the workspace root:
[INFO] [stderr] package:   /opt/rustwide/workdir/wasm-client/Cargo.toml
[INFO] [stderr] workspace: /opt/rustwide/workdir/Cargo.toml
[INFO] [stderr]    Compiling libc v0.2.135
[INFO] [stderr]     Checking once_cell v1.15.0
[INFO] [stderr]    Compiling proc-macro2 v1.0.47
[INFO] [stderr]    Compiling unicode-ident v1.0.5
[INFO] [stderr]    Compiling quote v1.0.21
[INFO] [stderr]    Compiling syn v1.0.103
[INFO] [stderr]     Checking regex-syntax v0.6.27
[INFO] [stderr]    Compiling serde_derive v1.0.146
[INFO] [stderr]    Compiling num-traits v0.2.15
[INFO] [stderr]    Compiling indexmap v1.9.1
[INFO] [stderr]    Compiling serde v1.0.146
[INFO] [stderr]     Checking aho-corasick v0.7.19
[INFO] [stderr]     Checking itoa v1.0.4
[INFO] [stderr]     Checking either v1.8.0
[INFO] [stderr]    Compiling futures-core v0.3.25
[INFO] [stderr]    Compiling parking_lot_core v0.9.4
[INFO] [stderr]    Compiling serde_json v1.0.87
[INFO] [stderr]     Checking itertools v0.10.5
[INFO] [stderr]    Compiling tokio v1.21.2
[INFO] [stderr]    Compiling num-integer v0.1.45
[INFO] [stderr]     Checking ryu v1.0.11
[INFO] [stderr]     Checking bytes v1.2.1
[INFO] [stderr]    Compiling futures-task v0.3.25
[INFO] [stderr]     Checking generic-array v0.14.6
[INFO] [stderr]     Checking futures-sink v0.3.25
[INFO] [stderr]    Compiling futures-util v0.3.25
[INFO] [stderr]     Checking regex-automata v0.1.10
[INFO] [stderr]    Compiling pin-project-lite v0.2.9
[INFO] [stderr]     Checking subtle v2.4.1
[INFO] [stderr]     Checking os_str_bytes v6.3.0
[INFO] [stderr]    Compiling thiserror v1.0.37
[INFO] [stderr]     Checking tracing-core v0.1.30
[INFO] [stderr]     Checking clap_lex v0.2.4
[INFO] [stderr]     Checking bstr v0.2.17
[INFO] [stderr]     Checking termcolor v1.1.3
[INFO] [stderr]     Checking textwrap v0.15.1
[INFO] [stderr]    Compiling paste v1.0.9
[INFO] [stderr]    Compiling crossbeam-utils v0.8.12
[INFO] [stderr]    Compiling ppv-lite86 v0.2.16
[INFO] [stderr]     Checking tracing v0.1.37
[INFO] [stderr]     Checking crypto-common v0.1.6
[INFO] [stderr]     Checking block-buffer v0.10.3
[INFO] [stderr]     Checking getrandom v0.2.8
[INFO] [stderr]     Checking num_cpus v1.13.1
[INFO] [stderr]     Checking socket2 v0.4.7
[INFO] [stderr]     Checking signal-hook-registry v1.4.0
[INFO] [stderr]     Checking mio v0.8.4
[INFO] [stderr]     Checking digest v0.10.5
[INFO] [stderr]     Checking ahash v0.7.6
[INFO] [stderr]    Compiling jobserver v0.1.25
[INFO] [stderr]     Checking rand_core v0.6.4
[INFO] [stderr]     Checking parking_lot v0.12.1
[INFO] [stderr]     Checking atty v0.2.14
[INFO] [stderr]     Checking unicode-normalization v0.1.22
[INFO] [stderr]     Checking rand_chacha v0.3.1
[INFO] [stderr]     Checking time v0.1.44
[INFO] [stderr]     Checking http v0.2.8
[INFO] [stderr]     Checking hashbrown v0.12.3
[INFO] [stderr]    Compiling cc v1.0.73
[INFO] [stderr]    Compiling typenum v1.15.0
[INFO] [stderr]    Compiling slab v0.4.7
[INFO] [stderr]     Checking rand v0.8.5
[INFO] [stderr]    Compiling smallvec v1.10.0
[INFO] [stderr]     Checking iana-time-zone v0.1.51
[INFO] [stderr]     Checking predicates-core v1.0.3
[INFO] [stderr]    Compiling doc-comment v0.3.3
[INFO] [stderr]     Checking alloc-no-stdlib v2.0.4
[INFO] [stderr]    Compiling zstd-safe v5.0.2+zstd.1.5.2
[INFO] [stderr]     Checking alloc-stdlib v0.2.2
[INFO] [stderr]     Checking float-cmp v0.9.0
[INFO] [stderr]     Checking sha1 v0.10.5
[INFO] [stderr]     Checking actix-service v2.0.2
[INFO] [stderr]     Checking actix-utils v3.0.1
[INFO] [stderr]    Compiling parking_lot_core v0.8.5
[INFO] [stderr]     Checking normalize-line-endings v0.3.0
[INFO] [stderr]    Compiling rustls v0.20.7
[INFO] [stderr]     Checking difflib v0.4.0
[INFO] [stderr]     Checking termtree v0.2.4
[INFO] [stderr]    Compiling lock_api v0.4.9
[INFO] [stderr]     Checking clap v3.2.22
[INFO] [stderr]     Checking predicates-tree v1.0.5
[INFO] [stderr]     Checking miniz_oxide v0.5.4
[INFO] [stderr]     Checking idna v0.3.0
[INFO] [stderr]     Checking regex v1.6.0
[INFO] [stderr]     Checking brotli-decompressor v2.3.2
[INFO] [stderr]     Checking wait-timeout v0.2.0
[INFO] [stderr]     Checking bytestring v1.1.0
[INFO] [stderr]    Compiling cookie v0.16.1
[INFO] [stderr]    Compiling spin v0.5.2
[INFO] [stderr]    Compiling ring v0.16.20
[INFO] [stderr]    Compiling zstd-sys v2.0.1+zstd.1.5.2
[INFO] [stderr]    Compiling untrusted v0.7.1
[INFO] [stderr]     Checking time v0.3.15
[INFO] [stderr]     Checking flate2 v1.0.24
[INFO] [stderr]     Checking predicates v2.1.1
[INFO] [stderr]     Checking local-channel v0.1.3
[INFO] [stderr]     Checking url v2.3.1
[INFO] [stderr]    Compiling tinyvec_macros v0.1.0
[INFO] [stderr]     Checking assert_cmd v2.0.5
[INFO] [stderr]    Compiling tinyvec v1.6.0
[INFO] [stderr]    Compiling futures-channel v0.3.25
[INFO] [stderr]     Checking brotli v3.3.4
[INFO] [stderr]    Compiling crossbeam-queue v0.3.6
[INFO] [stderr]    Compiling instant v0.1.12
[INFO] [stderr]    Compiling unicode-bidi v0.3.8
[INFO] [stderr]    Compiling openssl-src v111.22.0+1.1.1q
[INFO] [stderr]    Compiling percent-encoding v2.2.0
[INFO] [stderr]    Compiling cpufeatures v0.2.5
[INFO] [stderr]    Compiling minimal-lexical v0.2.1
[INFO] [stderr]    Compiling parking_lot v0.11.2
[INFO] [stderr]    Compiling form_urlencoded v1.1.0
[INFO] [stderr]    Compiling openssl-sys v0.9.76
[INFO] [stderr]    Compiling nom v7.1.1
[INFO] [stderr]     Checking tokio-util v0.7.4
[INFO] [stderr]     Checking actix-rt v2.7.0
[INFO] [stderr]    Compiling hmac v0.12.1
[INFO] [stderr]     Checking actix-server v2.1.1
[INFO] [stderr]    Compiling dirs-sys v0.3.7
[INFO] [stderr]     Checking actix-codec v0.5.0
[INFO] [stderr]     Checking h2 v0.3.14
[INFO] [stderr]    Compiling base64 v0.13.0
[INFO] [stderr]    Compiling unicode_categories v0.1.1
[INFO] [stderr]    Compiling pin-utils v0.1.0
[INFO] [stderr]    Compiling stringprep v0.1.2
[INFO] [stderr]    Compiling rustls-pemfile v1.0.1
[INFO] [stderr]    Compiling dirs v4.0.0
[INFO] [stderr]    Compiling atoi v1.0.0
[INFO] [stderr]    Compiling hkdf v0.12.3
[INFO] [stderr]    Compiling hashlink v0.8.1
[INFO] [stderr]    Compiling futures-intrusive v0.4.0
[INFO] [stderr]    Compiling sha2 v0.10.6
[INFO] [stderr]    Compiling md-5 v0.10.5
[INFO] [stderr]     Checking webpki v0.22.0
[INFO] [stderr]     Checking sct v0.7.0
[INFO] [stderr]    Compiling event-listener v2.5.3
[INFO] [stderr]    Compiling unicode-segmentation v1.10.0
[INFO] [stderr]    Compiling bitflags v1.3.2
[INFO] [stderr]    Compiling webpki-roots v0.22.5
[INFO] [stderr]    Compiling byteorder v1.4.3
[INFO] [stderr]    Compiling whoami v1.2.3
[INFO] [stderr]    Compiling dotenvy v0.15.6
[INFO] [stderr]    Compiling hex v0.4.3
[INFO] [stderr]    Compiling sqlformat v0.2.0
[INFO] [stderr]    Compiling heck v0.4.0
[INFO] [stderr]     Checking tokio-stream v0.1.11
[INFO] [stderr]    Compiling openssl v0.10.42
[INFO] [stderr]    Compiling thiserror-impl v1.0.37
[INFO] [stderr]    Compiling derive_more v0.99.17
[INFO] [stderr]    Compiling actix-macros v0.2.3
[INFO] [stderr]    Compiling openssl-macros v0.1.0
[INFO] [stderr]     Checking yansi v0.5.1
[INFO] [stderr]     Checking diff v0.1.13
[INFO] [stderr]    Compiling uncased v0.9.7
[INFO] [stderr]    Compiling wasm-bindgen-shared v0.2.83
[INFO] [stderr]     Checking pretty_assertions v1.3.0
[INFO] [stderr]     Checking tokio-rustls v0.23.4
[INFO] [stderr]    Compiling bumpalo v3.11.1
[INFO] [stderr]     Checking sqlx-rt v0.6.2
[INFO] [stderr]    Compiling wasm-bindgen-backend v0.2.83
[INFO] [stderr]    Compiling wasm-bindgen v0.2.83
[INFO] [stderr]     Checking same-file v1.0.6
[INFO] [stderr]    Compiling phf_shared v0.11.1
[INFO] [stderr]    Compiling unicase v2.6.0
[INFO] [stderr]    Compiling parse-zoneinfo v0.3.0
[INFO] [stderr]     Checking walkdir v2.3.2
[INFO] [stderr]    Compiling num-bigint v0.4.3
[INFO] [stderr]    Compiling phf_generator v0.11.1
[INFO] [stderr]    Compiling phf v0.11.1
[INFO] [stderr]    Compiling ucd-trie v0.1.5
[INFO] [stderr]    Compiling phf_codegen v0.11.1
[INFO] [stderr]    Compiling num-iter v0.1.43
[INFO] [stderr]    Compiling num-rational v0.4.1
[INFO] [stderr]     Checking unic-common v0.9.0
[INFO] [stderr]     Checking unic-char-range v0.9.0
[INFO] [stderr]     Checking unic-ucd-version v0.9.0
[INFO] [stderr]     Checking unic-char-property v0.9.0
[INFO] [stderr]    Compiling chrono-tz-build v0.0.3
[INFO] [stderr]     Checking globset v0.4.9
[INFO] [stderr]     Checking thread_local v1.1.4
[INFO] [stderr]     Checking unic-ucd-segment v0.9.0
[INFO] [stderr]    Compiling mime_guess v2.0.4
[INFO] [stderr]     Checking num-complex v0.4.2
[INFO] [stderr]     Checking ignore v0.4.18
[INFO] [stderr]     Checking deunicode v0.4.3
[INFO] [stderr]     Checking actix-tls v3.0.3
[INFO] [stderr]     Checking slug v0.1.4
[INFO] [stderr]    Compiling wasm-bindgen-macro-support v0.2.83
[INFO] [stderr]    Compiling wasm-bindgen-test-macro v0.3.33
[INFO] [stderr]    Compiling pest v2.4.0
[INFO] [stderr]    Compiling chrono-tz v0.6.3
[INFO] [stderr]     Checking unic-segment v0.9.0
[INFO] [stderr]     Checking http-range v0.1.5
[INFO] [stderr]     Checking askama_escape v0.10.3
[INFO] [stderr]     Checking globwalk v0.8.1
[INFO] [stderr]     Checking humansize v1.1.1
[INFO] [stderr]     Checking remove_dir_all v0.5.3
[INFO] [stderr]     Checking fastrand v1.8.0
[INFO] [stderr]     Checking findr v0.1.0 (/opt/rustwide/workdir/07_findr)
[INFO] [stderr]     Checking headr v0.1.0 (/opt/rustwide/workdir/04_headr)
[INFO] [stderr]     Checking wcr v0.1.0 (/opt/rustwide/workdir/05_wcr)
[INFO] [stderr]     Checking tempfile v3.3.0
[INFO] [stderr]     Checking uniqr v0.1.0 (/opt/rustwide/workdir/06_uniqr)
[INFO] [stderr]     Checking catr v0.1.0 (/opt/rustwide/workdir/03_catr)
[INFO] [stderr]     Checking http v0.1.0 (/opt/rustwide/workdir/http)
[INFO] [stderr]     Checking echor v0.1.0 (/opt/rustwide/workdir/02_echor)
[INFO] [stderr]     Checking start v0.1.0 (/opt/rustwide/workdir/01_start)
[INFO] [stderr]     Checking tcpclient v0.1.0 (/opt/rustwide/workdir/tcpclient)
[INFO] [stderr]     Checking tcpserver v0.1.0 (/opt/rustwide/workdir/tcpserver)
[INFO] [stderr]     Checking commr v0.1.0 (/opt/rustwide/workdir/10_commr)
[INFO] [stderr]     Checking fortuner v0.1.0 (/opt/rustwide/workdir/12_fortuner)
[INFO] [stderr]     Checking curt v0.1.0 (/opt/rustwide/workdir/08_cutr)
[INFO] [stderr]     Checking calr v0.1.0 (/opt/rustwide/workdir/13_calr)
[INFO] [stderr]     Checking grepr v0.1.0 (/opt/rustwide/workdir/09_grepr)
[INFO] [stderr]     Checking lsr v0.1.0 (/opt/rustwide/workdir/14_lsr)
[INFO] [stderr]     Checking num v0.4.0
[INFO] [stderr]     Checking tailr v0.1.0 (/opt/rustwide/workdir/11_tailr)
[INFO] [stderr]    Compiling wasm-bindgen-macro v0.2.83
[INFO] [stderr]    Compiling pest_meta v2.4.0
[INFO] [stderr]    Compiling pest_generator v2.4.0
[INFO] [stderr]    Compiling pest_derive v2.4.0
[INFO] [stderr]     Checking chrono v0.4.22
[INFO] [stderr]     Checking serde_urlencoded v0.7.1
[INFO] [stderr]     Checking actix-router v0.5.1
[INFO] [stderr]     Checking sqlx-core v0.6.2
[INFO] [stderr]    Compiling actix-web-codegen v4.1.0
[INFO] [stderr]     Checking httpserver v0.1.0 (/opt/rustwide/workdir/httpserver)
[INFO] [stderr]     Checking js-sys v0.3.60
[INFO] [stderr]     Checking console_error_panic_hook v0.1.7
[INFO] [stderr]     Checking wasm-game-of-life v0.1.0 (/opt/rustwide/workdir/wasm-game-of-life)
[INFO] [stdout] warning: function `set_panic_hook` is never used
[INFO] [stdout]  --> wasm-game-of-life/src/utils.rs:1:8
[INFO] [stdout]   |
[INFO] [stdout] 1 | pub fn set_panic_hook() {
[INFO] [stdout]   |        ^^^^^^^^^^^^^^
[INFO] [stdout]   |
[INFO] [stdout]   = note: `#[warn(dead_code)]` on by default
[INFO] [stdout] 
[INFO] [stdout] 
[INFO] [stdout] warning: 1 warning emitted
[INFO] [stdout] 
[INFO] [stdout] 
[INFO] [stderr]     Checking wasm-bindgen-futures v0.4.33
[INFO] [stderr]     Checking wasm-bindgen-test v0.3.33
[INFO] [stderr]     Checking web-sys v0.3.60
[INFO] [stdout] warning: function `set_panic_hook` is never used
[INFO] [stdout]  --> wasm-game-of-life/src/utils.rs:1:8
[INFO] [stdout]   |
[INFO] [stdout] 1 | pub fn set_panic_hook() {
[INFO] [stdout]   |        ^^^^^^^^^^^^^^
[INFO] [stdout]   |
[INFO] [stdout]   = note: `#[warn(dead_code)]` on by default
[INFO] [stdout] 
[INFO] [stdout] 
[INFO] [stdout] warning: 1 warning emitted
[INFO] [stdout] 
[INFO] [stdout] 
[INFO] [stderr]     Checking tera v1.17.1
[INFO] [stderr]     Checking wasm-client v0.1.0 (/opt/rustwide/workdir/wasm-client)
[INFO] [stdout] warning: use of deprecated method `wasm_bindgen::JsValue::into_serde`: causes dependency cycles, use `serde-wasm-bindgen` or `gloo_utils::format::JsValueSerdeExt` instead
[INFO] [stdout]   --> wasm-client/src/models/course.rs:43:37
[INFO] [stdout]    |
[INFO] [stdout] 43 |     let courses: Vec<Course> = json.into_serde().unwrap();
[INFO] [stdout]    |                                     ^^^^^^^^^^
[INFO] [stdout]    |
[INFO] [stdout]    = note: `#[warn(deprecated)]` on by default
[INFO] [stdout] 
[INFO] [stdout] 
[INFO] [stdout] warning: function `set_panic_hook` is never used
[INFO] [stdout]  --> wasm-client/src/utils.rs:1:8
[INFO] [stdout]   |
[INFO] [stdout] 1 | pub fn set_panic_hook() {
[INFO] [stdout]   |        ^^^^^^^^^^^^^^
[INFO] [stdout]   |
[INFO] [stdout]   = note: `#[warn(dead_code)]` on by default
[INFO] [stdout] 
[INFO] [stdout] 
[INFO] [stdout] warning: 2 warnings emitted
[INFO] [stdout] 
[INFO] [stdout] 
[INFO] [stdout] warning: use of deprecated method `wasm_bindgen::JsValue::into_serde`: causes dependency cycles, use `serde-wasm-bindgen` or `gloo_utils::format::JsValueSerdeExt` instead
[INFO] [stdout]   --> wasm-client/src/models/course.rs:43:37
[INFO] [stdout]    |
[INFO] [stdout] 43 |     let courses: Vec<Course> = json.into_serde().unwrap();
[INFO] [stdout]    |                                     ^^^^^^^^^^
[INFO] [stdout]    |
[INFO] [stdout]    = note: `#[warn(deprecated)]` on by default
[INFO] [stdout] 
[INFO] [stdout] 
[INFO] [stdout] warning: function `set_panic_hook` is never used
[INFO] [stdout]  --> wasm-client/src/utils.rs:1:8
[INFO] [stdout]   |
[INFO] [stdout] 1 | pub fn set_panic_hook() {
[INFO] [stdout]   |        ^^^^^^^^^^^^^^
[INFO] [stdout]   |
[INFO] [stdout]   = note: `#[warn(dead_code)]` on by default
[INFO] [stdout] 
[INFO] [stdout] 
[INFO] [stdout] warning: 2 warnings emitted
[INFO] [stdout] 
[INFO] [stdout] 
[INFO] [stderr]    Compiling sqlx-macros v0.6.2
[INFO] [stderr]     Checking zstd v0.11.2+zstd.1.5.2
[INFO] [stderr]     Checking actix-http v3.2.2
[INFO] [stderr]     Checking actix-web v4.2.1
[INFO] [stderr]     Checking awc v3.0.1
[INFO] [stderr]     Checking sqlx v0.6.2
[INFO] [stderr]     Checking actix-cors v0.6.3
[INFO] [stderr]     Checking actix-files v0.6.2
[INFO] [stderr]     Checking webapp v0.1.0 (/opt/rustwide/workdir/webapp)
[INFO] [stderr]     Checking db v0.1.0 (/opt/rustwide/workdir/db)
[INFO] [stderr]     Checking webservice v0.1.0 (/opt/rustwide/workdir/webservice)
[INFO] [stdout] error: error communicating with database: Network is unreachable (os error 101)
[INFO] [stdout]   --> db/src/main.rs:22:23
[INFO] [stdout]    |
[INFO] [stdout] 22 |       let course_rows = sqlx::query!(
[INFO] [stdout]    |  _______________________^
[INFO] [stdout] 23 | |         r#"select id, teacher_id, name, time from course where id = $1"#,
[INFO] [stdout] 24 | |         1
[INFO] [stdout] 25 | |     )
[INFO] [stdout]    | |_____^
[INFO] [stdout]    |
[INFO] [stdout]    = note: this error originates in the macro `$crate::sqlx_macros::expand_query` which comes from the expansion of the macro `sqlx::query` (in Nightly builds, run with -Z macro-backtrace for more info)
[INFO] [stdout] 
[INFO] [stdout] 
[INFO] [stdout] error: error communicating with database: Network is unreachable (os error 101)
[INFO] [stdout]   --> webservice/src/db_access/course.rs:10:29
[INFO] [stdout]    |
[INFO] [stdout] 10 |       let rows: Vec<Course> = sqlx::query_as!(
[INFO] [stdout]    |  _____________________________^
[INFO] [stdout] 11 | |         Course,
[INFO] [stdout] 12 | |         r#"SELECT * FROM course WHERE teacher_id = $1"#,
[INFO] [stdout] 13 | |         teacher_id,
[INFO] [stdout] 14 | |     )
[INFO] [stdout]    | |_____^
[INFO] [stdout]    |
[INFO] [stdout]    = note: this error originates in the macro `$crate::sqlx_macros::expand_query` which comes from the expansion of the macro `sqlx::query_as` (in Nightly builds, run with -Z macro-backtrace for more info)
[INFO] [stdout] 
[INFO] [stdout] 
[INFO] [stdout] error: error communicating with database: Network is unreachable (os error 101)
[INFO] [stdout]   --> webservice/src/db_access/course.rs:26:15
[INFO] [stdout]    |
[INFO] [stdout] 26 |       let row = sqlx::query_as!(
[INFO] [stdout]    |  _______________^
[INFO] [stdout] 27 | |         Course,
[INFO] [stdout] 28 | |         r#"SELECT * FROM course WHERE teacher_id = $1 and id = $2"#,
[INFO] [stdout] 29 | |         teacher_id,
[INFO] [stdout] 30 | |         course_id,
[INFO] [stdout] 31 | |     )
[INFO] [stdout]    | |_____^
[INFO] [stdout]    |
[INFO] [stdout]    = note: this error originates in the macro `$crate::sqlx_macros::expand_query` which comes from the expansion of the macro `sqlx::query_as` (in Nightly builds, run with -Z macro-backtrace for more info)
[INFO] [stdout] 
[INFO] [stdout] 
[INFO] [stdout] error: error communicating with database: Network is unreachable (os error 101)
[INFO] [stdout]   --> webservice/src/db_access/course.rs:43:15
[INFO] [stdout]    |
[INFO] [stdout] 43 |       let row = sqlx::query_as!(
[INFO] [stdout]    |  _______________^
[INFO] [stdout] 44 | |         Course,
[INFO] [stdout] 45 | |         r#"INSERT INTO course (teacher_id, name, description, format, structure, duration, price, language, level)
[INFO] [stdout] 46 | |         VALUES ($1,$2,$3,$4,$5,$6,$7,$8,$9)
[INFO] [stdout] ...  |
[INFO] [stdout] 50 | |         new_course.price,new_course.language,new_course.level,
[INFO] [stdout] 51 | |     )
[INFO] [stdout]    | |_____^
[INFO] [stdout]    |
[INFO] [stdout]    = note: this error originates in the macro `$crate::sqlx_macros::expand_query` which comes from the expansion of the macro `sqlx::query_as` (in Nightly builds, run with -Z macro-backtrace for more info)
[INFO] [stdout] 
[INFO] [stdout] 
[INFO] [stdout] error: error communicating with database: Network is unreachable (os error 101)
[INFO] [stdout]   --> webservice/src/db_access/course.rs:59:22
[INFO] [stdout]    |
[INFO] [stdout] 59 |       let course_row = sqlx::query!(
[INFO] [stdout]    |  ______________________^
[INFO] [stdout] 60 | |         "DELETE FROM course where teacher_id = $1 and id = $2",
[INFO] [stdout] 61 | |         teacher_id,
[INFO] [stdout] 62 | |         id,
[INFO] [stdout] 63 | |     )
[INFO] [stdout]    | |_____^
[INFO] [stdout]    |
[INFO] [stdout]    = note: this error originates in the macro `$crate::sqlx_macros::expand_query` which comes from the expansion of the macro `sqlx::query` (in Nightly builds, run with -Z macro-backtrace for more info)
[INFO] [stdout] 
[INFO] [stdout] 
[INFO] [stdout] error: error communicating with database: Network is unreachable (os error 101)
[INFO] [stdout]   --> webservice/src/db_access/course.rs:76:30
[INFO] [stdout]    |
[INFO] [stdout] 76 |       let current_course_row = sqlx::query_as!(
[INFO] [stdout]    |  ______________________________^
[INFO] [stdout] 77 | |         Course,
[INFO] [stdout] 78 | |         "SELECT * FROM course where teacher_id = $1 and id = $2",
[INFO] [stdout] 79 | |         teacher_id,
[INFO] [stdout] 80 | |         id,
[INFO] [stdout] 81 | |     )
[INFO] [stdout]    | |_____^
[INFO] [stdout]    |
[INFO] [stdout]    = note: this error originates in the macro `$crate::sqlx_macros::expand_query` which comes from the expansion of the macro `sqlx::query_as` (in Nightly builds, run with -Z macro-backtrace for more info)
[INFO] [stdout] 
[INFO] [stdout] 
[INFO] [stdout] error: error communicating with database: Network is unreachable (os error 101)
[INFO] [stdout]    --> webservice/src/db_access/course.rs:134:22
[INFO] [stdout]     |
[INFO] [stdout] 134 |       let course_row = sqlx::query_as!(
[INFO] [stdout]     |  ______________________^
[INFO] [stdout] 135 | |         Course,
[INFO] [stdout] 136 | |         "UPDATE course SET name = $1, description = $2, format = $3,
[INFO] [stdout] 137 | |         structure = $4, duration = $5, price = $6, language = $7,
[INFO] [stdout] ...   |
[INFO] [stdout] 150 | |         id
[INFO] [stdout] 151 | |     )
[INFO] [stdout]     | |_____^
[INFO] [stdout]     |
[INFO] [stdout]     = note: this error originates in the macro `$crate::sqlx_macros::expand_query` which comes from the expansion of the macro `sqlx::query_as` (in Nightly builds, run with -Z macro-backtrace for more info)
[INFO] [stdout] 
[INFO] [stdout] 
[INFO] [stdout] error: error communicating with database: Network is unreachable (os error 101)
[INFO] [stdout]  --> webservice/src/db_access/teacher.rs:7:16
[INFO] [stdout]   |
[INFO] [stdout] 7 |     let rows = sqlx::query!("SELECT id, name, picture_url, profile FROM teacher")
[INFO] [stdout]   |                ^^^^^^^^^^^^^^^^^^^^^^^^^^^^^^^^^^^^^^^^^^^^^^^^^^^^^^^^^^^^^^^^^^
[INFO] [stdout]   |
[INFO] [stdout]   = note: this error originates in the macro `$crate::sqlx_macros::expand_query` which comes from the expansion of the macro `sqlx::query` (in Nightly builds, run with -Z macro-backtrace for more info)
[INFO] [stdout] 
[INFO] [stdout] 
[INFO] [stdout] error: error communicating with database: Network is unreachable (os error 101)
[INFO] [stdout]   --> webservice/src/db_access/teacher.rs:28:15
[INFO] [stdout]    |
[INFO] [stdout] 28 |       let row = sqlx::query!(
[INFO] [stdout]    |  _______________^
[INFO] [stdout] 29 | |         "SELECT id, name, picture_url, profile From teacher where id = $1",
[INFO] [stdout] 30 | |         teacher_id
[INFO] [stdout] 31 | |     )
[INFO] [stdout]    | |_____^
[INFO] [stdout]    |
[INFO] [stdout]    = note: this error originates in the macro `$crate::sqlx_macros::expand_query` which comes from the expansion of the macro `sqlx::query` (in Nightly builds, run with -Z macro-backtrace for more info)
[INFO] [stdout] 
[INFO] [stdout] 
[INFO] [stdout] error: error communicating with database: Network is unreachable (os error 101)
[INFO] [stdout]   --> webservice/src/db_access/teacher.rs:49:15
[INFO] [stdout]    |
[INFO] [stdout] 49 |       let row = sqlx::query!(
[INFO] [stdout]    |  _______________^
[INFO] [stdout] 50 | |         "INSERT INTO teacher (name, picture_url, profile)
[INFO] [stdout] 51 | |         VALUES ($1, $2, $3) RETURNING id, name, picture_url, profile",
[INFO] [stdout] 52 | |         new_teacher.name,
[INFO] [stdout] 53 | |         new_teacher.picture_url,
[INFO] [stdout] 54 | |         new_teacher.profile
[INFO] [stdout] 55 | |     )
[INFO] [stdout]    | |_____^
[INFO] [stdout]    |
[INFO] [stdout]    = note: this error originates in the macro `$crate::sqlx_macros::expand_query` which comes from the expansion of the macro `sqlx::query` (in Nightly builds, run with -Z macro-backtrace for more info)
[INFO] [stdout] 
[INFO] [stdout] 
[INFO] [stdout] error: error communicating with database: Network is unreachable (os error 101)
[INFO] [stdout]   --> webservice/src/db_access/teacher.rs:72:15
[INFO] [stdout]    |
[INFO] [stdout] 72 |       let row = sqlx::query!(
[INFO] [stdout]    |  _______________^
[INFO] [stdout] 73 | |         "SELECT id, name, picture_url, profile FROM teacher where id = $1",
[INFO] [stdout] 74 | |         teacher_id
[INFO] [stdout] 75 | |     )
[INFO] [stdout]    | |_____^
[INFO] [stdout]    |
[INFO] [stdout]    = note: this error originates in the macro `$crate::sqlx_macros::expand_query` which comes from the expansion of the macro `sqlx::query` (in Nightly builds, run with -Z macro-backtrace for more info)
[INFO] [stdout] 
[INFO] [stdout] 
[INFO] [stdout] error: error communicating with database: Network is unreachable (os error 101)
[INFO] [stdout]    --> webservice/src/db_access/teacher.rs:100:23
[INFO] [stdout]     |
[INFO] [stdout] 100 |       let updated_row = sqlx::query!(
[INFO] [stdout]     |  _______________________^
[INFO] [stdout] 101 | |         "UPDATE teacher SET name = $1, picture_url = $2, profile = $3 WHERE id = $4
[INFO] [stdout] 102 | |         RETURNING id, name, picture_url, profile",
[INFO] [stdout] 103 | |         temp.name,
[INFO] [stdout] ...   |
[INFO] [stdout] 106 | |         teacher_id,
[INFO] [stdout] 107 | |     )
[INFO] [stdout]     | |_____^
[INFO] [stdout]     |
[INFO] [stdout]     = note: this error originates in the macro `$crate::sqlx_macros::expand_query` which comes from the expansion of the macro `sqlx::query` (in Nightly builds, run with -Z macro-backtrace for more info)
[INFO] [stdout] 
[INFO] [stdout] 
[INFO] [stdout] error: error communicating with database: Network is unreachable (os error 101)
[INFO] [stdout]   --> db/src/main.rs:22:23
[INFO] [stdout]    |
[INFO] [stdout] 22 |       let course_rows = sqlx::query!(
[INFO] [stdout]    |  _______________________^
[INFO] [stdout] 23 | |         r#"select id, teacher_id, name, time from course where id = $1"#,
[INFO] [stdout] 24 | |         1
[INFO] [stdout] 25 | |     )
[INFO] [stdout]    | |_____^
[INFO] [stdout]    |
[INFO] [stdout]    = note: this error originates in the macro `$crate::sqlx_macros::expand_query` which comes from the expansion of the macro `sqlx::query` (in Nightly builds, run with -Z macro-backtrace for more info)
[INFO] [stdout] 
[INFO] [stdout] 
[INFO] [stdout] error: aborting due to previous error
[INFO] [stdout] 
[INFO] [stdout] 
[INFO] [stdout] error: error communicating with database: Network is unreachable (os error 101)
[INFO] [stdout]   --> webservice/src/db_access/course.rs:10:29
[INFO] [stdout]    |
[INFO] [stdout] 10 |       let rows: Vec<Course> = sqlx::query_as!(
[INFO] [stdout]    |  _____________________________^
[INFO] [stdout] 11 | |         Course,
[INFO] [stdout] 12 | |         r#"SELECT * FROM course WHERE teacher_id = $1"#,
[INFO] [stdout] 13 | |         teacher_id,
[INFO] [stdout] 14 | |     )
[INFO] [stdout]    | |_____^
[INFO] [stdout]    |
[INFO] [stdout]    = note: this error originates in the macro `$crate::sqlx_macros::expand_query` which comes from the expansion of the macro `sqlx::query_as` (in Nightly builds, run with -Z macro-backtrace for more info)
[INFO] [stdout] 
[INFO] [stdout] 
[INFO] [stdout] error: error communicating with database: Network is unreachable (os error 101)
[INFO] [stdout]   --> webservice/src/db_access/course.rs:26:15
[INFO] [stdout]    |
[INFO] [stdout] 26 |       let row = sqlx::query_as!(
[INFO] [stdout]    |  _______________^
[INFO] [stdout] 27 | |         Course,
[INFO] [stdout] 28 | |         r#"SELECT * FROM course WHERE teacher_id = $1 and id = $2"#,
[INFO] [stdout] 29 | |         teacher_id,
[INFO] [stdout] 30 | |         course_id,
[INFO] [stdout] 31 | |     )
[INFO] [stdout]    | |_____^
[INFO] [stdout]    |
[INFO] [stdout]    = note: this error originates in the macro `$crate::sqlx_macros::expand_query` which comes from the expansion of the macro `sqlx::query_as` (in Nightly builds, run with -Z macro-backtrace for more info)
[INFO] [stdout] 
[INFO] [stdout] 
[INFO] [stdout] error: error communicating with database: Network is unreachable (os error 101)
[INFO] [stdout]   --> webservice/src/db_access/course.rs:43:15
[INFO] [stdout]    |
[INFO] [stdout] 43 |       let row = sqlx::query_as!(
[INFO] [stdout]    |  _______________^
[INFO] [stdout] 44 | |         Course,
[INFO] [stdout] 45 | |         r#"INSERT INTO course (teacher_id, name, description, format, structure, duration, price, language, level)
[INFO] [stdout] 46 | |         VALUES ($1,$2,$3,$4,$5,$6,$7,$8,$9)
[INFO] [stdout] ...  |
[INFO] [stdout] 50 | |         new_course.price,new_course.language,new_course.level,
[INFO] [stdout] 51 | |     )
[INFO] [stdout]    | |_____^
[INFO] [stdout]    |
[INFO] [stdout]    = note: this error originates in the macro `$crate::sqlx_macros::expand_query` which comes from the expansion of the macro `sqlx::query_as` (in Nightly builds, run with -Z macro-backtrace for more info)
[INFO] [stdout] 
[INFO] [stdout] 
[INFO] [stdout] error: error communicating with database: Network is unreachable (os error 101)
[INFO] [stdout]   --> webservice/src/db_access/course.rs:59:22
[INFO] [stdout]    |
[INFO] [stdout] 59 |       let course_row = sqlx::query!(
[INFO] [stdout]    |  ______________________^
[INFO] [stdout] 60 | |         "DELETE FROM course where teacher_id = $1 and id = $2",
[INFO] [stdout] 61 | |         teacher_id,
[INFO] [stdout] 62 | |         id,
[INFO] [stdout] 63 | |     )
[INFO] [stdout]    | |_____^
[INFO] [stdout]    |
[INFO] [stdout]    = note: this error originates in the macro `$crate::sqlx_macros::expand_query` which comes from the expansion of the macro `sqlx::query` (in Nightly builds, run with -Z macro-backtrace for more info)
[INFO] [stdout] 
[INFO] [stdout] 
[INFO] [stdout] error: error communicating with database: Network is unreachable (os error 101)
[INFO] [stdout]   --> webservice/src/db_access/course.rs:76:30
[INFO] [stdout]    |
[INFO] [stdout] 76 |       let current_course_row = sqlx::query_as!(
[INFO] [stdout]    |  ______________________________^
[INFO] [stdout] 77 | |         Course,
[INFO] [stdout] 78 | |         "SELECT * FROM course where teacher_id = $1 and id = $2",
[INFO] [stdout] 79 | |         teacher_id,
[INFO] [stdout] 80 | |         id,
[INFO] [stdout] 81 | |     )
[INFO] [stdout]    | |_____^
[INFO] [stdout]    |
[INFO] [stdout]    = note: this error originates in the macro `$crate::sqlx_macros::expand_query` which comes from the expansion of the macro `sqlx::query_as` (in Nightly builds, run with -Z macro-backtrace for more info)
[INFO] [stdout] 
[INFO] [stdout] 
[INFO] [stdout] error: error communicating with database: Network is unreachable (os error 101)
[INFO] [stdout]    --> webservice/src/db_access/course.rs:134:22
[INFO] [stdout]     |
[INFO] [stdout] 134 |       let course_row = sqlx::query_as!(
[INFO] [stdout]     |  ______________________^
[INFO] [stdout] 135 | |         Course,
[INFO] [stdout] 136 | |         "UPDATE course SET name = $1, description = $2, format = $3,
[INFO] [stdout] 137 | |         structure = $4, duration = $5, price = $6, language = $7,
[INFO] [stdout] ...   |
[INFO] [stdout] 150 | |         id
[INFO] [stdout] 151 | |     )
[INFO] [stdout]     | |_____^
[INFO] [stdout]     |
[INFO] [stdout]     = note: this error originates in the macro `$crate::sqlx_macros::expand_query` which comes from the expansion of the macro `sqlx::query_as` (in Nightly builds, run with -Z macro-backtrace for more info)
[INFO] [stdout] 
[INFO] [stdout] 
[INFO] [stdout] error: error communicating with database: Network is unreachable (os error 101)
[INFO] [stdout]  --> webservice/src/db_access/teacher.rs:7:16
[INFO] [stdout]   |
[INFO] [stdout] 7 |     let rows = sqlx::query!("SELECT id, name, picture_url, profile FROM teacher")
[INFO] [stdout]   |                ^^^^^^^^^^^^^^^^^^^^^^^^^^^^^^^^^^^^^^^^^^^^^^^^^^^^^^^^^^^^^^^^^^
[INFO] [stdout]   |
[INFO] [stdout]   = note: this error originates in the macro `$crate::sqlx_macros::expand_query` which comes from the expansion of the macro `sqlx::query` (in Nightly builds, run with -Z macro-backtrace for more info)
[INFO] [stdout] 
[INFO] [stdout] 
[INFO] [stdout] error: error communicating with database: Network is unreachable (os error 101)
[INFO] [stdout]   --> webservice/src/db_access/teacher.rs:28:15
[INFO] [stdout]    |
[INFO] [stdout] 28 |       let row = sqlx::query!(
[INFO] [stdout]    |  _______________^
[INFO] [stdout] 29 | |         "SELECT id, name, picture_url, profile From teacher where id = $1",
[INFO] [stdout] 30 | |         teacher_id
[INFO] [stdout] 31 | |     )
[INFO] [stdout]    | |_____^
[INFO] [stdout]    |
[INFO] [stdout]    = note: this error originates in the macro `$crate::sqlx_macros::expand_query` which comes from the expansion of the macro `sqlx::query` (in Nightly builds, run with -Z macro-backtrace for more info)
[INFO] [stdout] 
[INFO] [stdout] 
[INFO] [stdout] error: error communicating with database: Network is unreachable (os error 101)
[INFO] [stdout]   --> webservice/src/db_access/teacher.rs:49:15
[INFO] [stdout]    |
[INFO] [stdout] 49 |       let row = sqlx::query!(
[INFO] [stdout]    |  _______________^
[INFO] [stdout] 50 | |         "INSERT INTO teacher (name, picture_url, profile)
[INFO] [stdout] 51 | |         VALUES ($1, $2, $3) RETURNING id, name, picture_url, profile",
[INFO] [stdout] 52 | |         new_teacher.name,
[INFO] [stdout] 53 | |         new_teacher.picture_url,
[INFO] [stdout] 54 | |         new_teacher.profile
[INFO] [stdout] 55 | |     )
[INFO] [stdout]    | |_____^
[INFO] [stdout]    |
[INFO] [stdout]    = note: this error originates in the macro `$crate::sqlx_macros::expand_query` which comes from the expansion of the macro `sqlx::query` (in Nightly builds, run with -Z macro-backtrace for more info)
[INFO] [stdout] 
[INFO] [stdout] 
[INFO] [stdout] error: error communicating with database: Network is unreachable (os error 101)
[INFO] [stdout]   --> webservice/src/db_access/teacher.rs:72:15
[INFO] [stdout]    |
[INFO] [stdout] 72 |       let row = sqlx::query!(
[INFO] [stdout]    |  _______________^
[INFO] [stdout] 73 | |         "SELECT id, name, picture_url, profile FROM teacher where id = $1",
[INFO] [stdout] 74 | |         teacher_id
[INFO] [stdout] 75 | |     )
[INFO] [stdout]    | |_____^
[INFO] [stdout]    |
[INFO] [stdout]    = note: this error originates in the macro `$crate::sqlx_macros::expand_query` which comes from the expansion of the macro `sqlx::query` (in Nightly builds, run with -Z macro-backtrace for more info)
[INFO] [stdout] 
[INFO] [stdout] 
[INFO] [stderr] error: could not compile `db` (bin "db") due to 2 previous errors
[INFO] [stderr] warning: build failed, waiting for other jobs to finish...
[INFO] [stdout] error: error communicating with database: Network is unreachable (os error 101)
[INFO] [stdout]    --> webservice/src/db_access/teacher.rs:100:23
[INFO] [stdout]     |
[INFO] [stdout] 100 |       let updated_row = sqlx::query!(
[INFO] [stdout]     |  _______________________^
[INFO] [stdout] 101 | |         "UPDATE teacher SET name = $1, picture_url = $2, profile = $3 WHERE id = $4
[INFO] [stdout] 102 | |         RETURNING id, name, picture_url, profile",
[INFO] [stdout] 103 | |         temp.name,
[INFO] [stdout] ...   |
[INFO] [stdout] 106 | |         teacher_id,
[INFO] [stdout] 107 | |     )
[INFO] [stdout]     | |_____^
[INFO] [stdout]     |
[INFO] [stdout]     = note: this error originates in the macro `$crate::sqlx_macros::expand_query` which comes from the expansion of the macro `sqlx::query` (in Nightly builds, run with -Z macro-backtrace for more info)
[INFO] [stdout] 
[INFO] [stdout] 
[INFO] [stdout] error: aborting due to previous error
[INFO] [stdout] 
[INFO] [stdout] 
[INFO] [stderr] error: could not compile `db` (bin "db" test) due to 2 previous errors
[INFO] [stdout] warning: method `error_response` is never used
[INFO] [stdout]   --> webapp/src/bin/../errors.rs:21:8
[INFO] [stdout]    |
[INFO] [stdout] 20 | impl MyError {
[INFO] [stdout]    | ------------ method in this implementation
[INFO] [stdout] 21 |     fn error_response(&self) -> String {
[INFO] [stdout]    |        ^^^^^^^^^^^^^^
[INFO] [stdout]    |
[INFO] [stdout]    = note: `#[warn(dead_code)]` on by default
[INFO] [stdout] 
[INFO] [stdout] 
[INFO] [stdout] warning: method `error_response` is never used
[INFO] [stdout]   --> webapp/src/bin/../errors.rs:21:8
[INFO] [stdout]    |
[INFO] [stdout] 20 | impl MyError {
[INFO] [stdout]    | ------------ method in this implementation
[INFO] [stdout] 21 |     fn error_response(&self) -> String {
[INFO] [stdout]    |        ^^^^^^^^^^^^^^
[INFO] [stdout]    |
[INFO] [stdout]    = note: `#[warn(dead_code)]` on by default
[INFO] [stdout] 
[INFO] [stdout] 
[INFO] [stdout] warning: 1 warning emitted
[INFO] [stdout] 
[INFO] [stdout] 
[INFO] [stdout] warning: 1 warning emitted
[INFO] [stdout] 
[INFO] [stdout] 
[INFO] [stdout] error: aborting due to 11 previous errors
[INFO] [stdout] 
[INFO] [stdout] 
[INFO] [stderr] error: could not compile `webservice` (bin "webservice") due to 12 previous errors
[INFO] [stdout] error: aborting due to 11 previous errors
[INFO] [stdout] 
[INFO] [stdout] 
[INFO] [stderr] error: could not compile `webservice` (bin "webservice" test) due to 12 previous errors
[INFO] running `Command { std: "docker" "inspect" "27334f608081c640c94892a94d7a66a2c0aa6cb6c148fb9468aff3ae00e72e59", kill_on_drop: false }`
[INFO] running `Command { std: "docker" "rm" "-f" "27334f608081c640c94892a94d7a66a2c0aa6cb6c148fb9468aff3ae00e72e59", kill_on_drop: false }`
[INFO] [stdout] 27334f608081c640c94892a94d7a66a2c0aa6cb6c148fb9468aff3ae00e72e59
